- 6*y - 5 + 37 - 5. Let k be i(6). Let s(d) = -d**2 - 5*d - 3. Determine s(k).
3
Let n = -2 - 1. Let r = -27 + 32. Let w(x) = -2 - x**2 + 0*x - r*x - 2 - x**2. Determine w(n).
-7
Suppose 3*u = 8*u - 20. Let b(a) = -7*a**2 - 7*a - 70. Let c(d) = 8*d**2 + 8*d + 82. Let n(m) = 7*b(m) + 6*c(m). Determine n(u).
-18
Let x(y) = y**3 - 78*y**2 + 135*y + 1303. Let a be x(76). Let j(f) = -3*f - 2 - f**2 + 11*f + 4*f - f. Determine j(a).
-2
Let y(a) = -a**3 - 7*a**2 + 3*a - 8. Let n(k) = k**3 + 2*k**2 + 2*k. Let f(w) = -2*n(w) - y(w). Calculate f(2).
-2
Let t = 5387 - 5379. Let u(q) be the second derivative of 0 + 1/6*q**3 - t*q - 4*q**2. What is u(0)?
-8
Let z be 200/2*5/(-10)*1. Let f = z + 60. Suppose f*b = 8*b - 6. Let a(q) = 3*q**2 + 3*q - 1. What is a(b)?
17
Let u(y) = 29*y - 2. Let q = 4057 + -4054. Calculate u(q).
85
Suppose 0 = -10*i + 4*i + 246. Let j(c) = c + i + 44 - 90. Let s(m) = -m + 5. Let d(w) = 6*j(w) + 5*s(w). What is d(6)?
1
Suppose -8*g + 36 = g. Suppose -2*q - 1 = h - 4*q, 4*q - g = 0. Let w be 0*(-4)/2*h/4. Let m(y) = -y**2 - y + 1. What is m(w)?
1
Let k(s) = s**3 + 7*s**2 - 2*s - 10. Suppose 0 = 16*y - 51 - 29. Let v be -1 - (-4)/2 - -20. Suppose 8*u - y*u = -v. What is k(u)?
4
Suppose -4*n - w - 16 = 5, n - 4*w = 16. Let g be 1/(n/(-32))*-1. Let v(m) be the first derivative of m**4/4 + 3*m**3 + 7*m**2/2 - m + 3. Give v(g).
7
Let i(x) = -11091*x - 46 - x**3 + 11085*x + 51 - 5*x**2. What is i(-6)?
77
Let v(s) = 3*s + 2. Let m = 1900 - 1883. What is v(m)?
53
Let t(l) be the third derivative of -l**4/6 - 10*l**3/3 + l**2 + 6*l. Let y(g) = -g - 2. Let i(m) = -t(m) + 3*y(m). What is i(-11)?
3
Let d(f) = -f. Let i(y) = -5*y**2 - 31 - 3*y + 14*y + 4*y**2 + 12. Let k be i(3). Determine d(k).
-5
Let t(w) = w**2 - 6*w - 13. Let l be t(8). Let x(n) = 2*n**3 - n**l - 26 + 0*n + 2*n + 6*n**2 + 20. What is x(-5)?
9
Let t(b) = -53 - 47*b**2 + 9*b**3 - 12*b**3 + 0*b**2 + 26*b + 20*b**2 + 2*b**3. What is t(-28)?
3
Suppose 45 = 20*c - 11*c. Let h be (c - 7/2)/((-3)/4). Let l(a) be the third derivative of 7*a**4/24 + a**3/3 + 3*a**2. Calculate l(h).
-12
Let u(g) be the first derivative of g**4/4 + g**3 + 5*g**2/2 + 22*g + 6314. Calculate u(-3).
7
Suppose 46 = -4*z - 186. Let c = -51 - z. Let d(n) = -n**2 + 9*n - 10. Calculate d(c).
4
Let u(m) = -m + 1. Suppose -12*w - 5 = -7*w. Let o be u(w). Let y(n) = 3*n**2 + 0*n**o - 2*n**2 + 5 - 2*n**2 + 3*n. Calculate y(4).
1
Let a(z) = -5*z - 1. Let p be a(-1). Let s = 5 - p. Let y(b) be the second derivative of -3*b**3/2 + b**2/2 + 684*b. Calculate y(s).
-8
Let a(n) = -6*n**3 + n**2 - n + 1. Let v = 107 + -89. Let l be 1/(-6) + (483/v)/23. Determine a(l).
-5
Let r(u) be the third derivative of -u**8/20160 - u**7/840 + u**6/180 - 43*u**5/20 - 75*u**2. Let c(x) be the third derivative of r(x). Give c(-5).
9
Suppose -2*q = -2*r - 0 + 2, 3*r - 4*q = 1. Suppose -r*w + 12 = 9*w. Let t be 1/w*(-4 - -2). Let i(b) = -6*b - 2. Calculate i(t).
10
Let g(n) be the second derivative of -n**4/12 + n**3/6 + 47*n**2/2 + 937*n. What is g(8)?
-9
Let t(y) be the third derivative of 19*y**6/120 + y**4/12 + y**3/6 - 27*y**2. Suppose 22*u - 395 = -417. Determine t(u).
-20
Let w(q) = q**3 + 13*q**2 + 17*q + 57. Let i(j) = 2*j**3 + 26*j**2 + 35*j + 124. Let a(p) = -4*i(p) + 9*w(p). Let l = 5 + -17. Determine a(l).
5
Let y(j) = 19*j**3 - 13*j**3 + 7*j**2 - 3*j**2 - 3 - 7*j**3 - 13*j**3 + 15*j**3. Let m = -4 + 1. What is y(m)?
6
Suppose -2*h = -h. Let n = 98 + -97. Let i(m) = h + 3*m + 2 - 4 - n. Determine i(6).
15
Let i(m) = -m**3 - m**2 - 3*m + 2. Let q = 174 - 165. Suppose 0 = -16*g + q + 23. Give i(g).
-16
Let d = -33 - -65. Let f = -26 + d. Let h(j) = j**2 - 3*j + 4. What is h(f)?
22
Let t = -750 - -750. Let l(v) = v**2 - 4*v + 5. Let c(g) = 3*g**2 - 11*g + 16. Let r(j) = -4*c(j) + 11*l(j). Determine r(t).
-9
Suppose 4*s - 43 = c, 5 + 4 = s - 2*c. Suppose -4*u = -37 - s. Suppose -14*x = -u*x. Let w(t) = -t**2 - 8. Calculate w(x).
-8
Let z(w) = -w**3 - 4*w**2 + 3*w. Let b = 203 + -82. Suppose 4*f - 15*f = -b. Suppose -f*r + 2*r - 45 = 0. Calculate z(r).
10
Let r = 17377 + -17404. Let f(x) = -7*x - 181. What is f(r)?
8
Let h(o) be the first derivative of o**5/20 + 3*o**4/4 + 4*o**3/3 - 5*o**2 + 33*o + 66. Let p(n) be the first derivative of h(n). Give p(-7).
32
Let f(k) be the third derivative of k**5/10 + 103*k**4/24 + 25*k**3/6 - 2306*k**2. What is f(-17)?
8
Let t(o) = -3*o - 2. Let p = 22 + -10. Let b be (-606)/(-24) + 9/p. Suppose -25*d + 2 = -b*d. What is t(d)?
4
Let h(l) = -l**2 + 13*l + 22. Let r = 53 - 38. Let x be h(r). Let n(c) = -c**3 - 7*c**2 + 9*c - 7. What is n(x)?
-15
Let m = 21 + -21. Suppose m = 7*p - p - 12. Let l(b) = -2 + b - 5*b**3 - 3*b**3 + 6*b**3 + b**3. Determine l(p).
-8
Suppose 6*o - 16*o = -23*o + 52. Let t(x) be the second derivative of 0 - 8*x + 7/6*x**3 + 1/20*x**5 - 4*x**2 + 2/3*x**o. Determine t(-7).
-8
Let g(m) = 3234*m - 187 + 41 - 3228*m. Give g(26).
10
Suppose -4*a + 1 = 5. Let d(m) = 25*m + 4. Let w(h) = 6*h + 1. Suppose 5*x + 8 = 6*f, 4*f = -5*x - 0*x + 22. Let l(u) = x*d(u) - 9*w(u). Calculate l(a).
3
Suppose 0 = -397*t - 837*t - 7404. Let h(g) = -3*g**2 + g**3 + 0*g + 2*g - 6 + 9*g**2. Determine h(t).
-18
Let u(l) be the second derivative of l**4/12 - 3*l**3/2 + 13*l**2/2 + 707*l + 1. Calculate u(11).
35
Suppose -3*x = v + 11, -78*x + 5*v = -75*x - 37. Let d(k) = -3*k**3 + 5*k**2 + 3*k. Give d(x).
5
Suppose 0*t + 21 = 3*k - 5*t, -k - 4 = 2*t. Suppose -3*y + k = -2*y. Let w(n) be the first derivative of n**4/2 - n**3 - n**2/2 + 2*n - 31984. What is w(y)?
4
Let t(c) = -c**3 + 23*c**2 - 46*c + 89. Suppose 3*g + 9 = 0, 4*g + 43 = -4*q + 115. Determine t(q).
5
Let f(m) = 99*m - 1. Let d(a) = -1592*a + 15. Let x(q) = -d(q) - 16*f(q). Suppose -4*c - 3*l + 0*l = 1, 36 = -4*c + 4*l. Give x(c).
-31
Suppose -2137*n + 84 = -5*l - 2136*n, -5*l - 60 = 5*n. Let v(j) = 5*j + 11. Give v(l).
-69
Suppose -i - 68 = -5*i. Suppose 5*j + 2 = i, 5*j + 13 = 2*l. Let m(a) = -l*a - 7*a + 7 + 22*a + 0. What is m(-11)?
-4
Let x(y) be the first derivative of 0*y + 12 + 0*y**2 - 1/4*y**4 + 11/3*y**3. What is x(11)?
0
Let w(c) = c**2 + 3*c - 7. Suppose h = -1, -8*l - 8*h + 3*h = -43. Give w(l).
47
Let i(l) = l**2 + 5*l - 8. Let h(z) be the first derivative of 9/2*z**2 - 6*z + 10/3*z**3 - 6 + 1/4*z**4. Let t be h(-9). Give i(t).
-2
Let i(f) = -149*f - 138*f + 276*f + 34 + 3*f**2. Give i(5).
54
Let k(p) = p**3 + 32*p**2 - 64*p + 147. Let o be k(-34). Let n(q) = -3*q**2 - 1. Let s(t) = 2*t**2 + 13*t - 12. Let i(h) = -n(h) - s(h). Determine i(o).
-9
Let g(c) = -c**2 + c - 1. Let p(r) = 2*r**2 - r - 8. Suppose 8*v = -1 + 25. Let t be p(v). Suppose -t*m = -5*m - 5*a + 23, -m - 4*a + 21 = 0. Determine g(m).
-1
Let y(k) = k**2 + 6*k + 5. Let h(q) = -q + 20. Let j be h(-4). Let d be -3 + 4*(-18)/j. Calculate y(d).
5
Let r be (41 + -47)*(-1)/2. Suppose -9*y + 4*y - 10 = 4*j, -2*j + r*y - 16 = 0. Let m(b) = b**2 + 5*b + 1. Give m(j).
1
Let s(i) = i**2 - 8*i**2 + 6*i**2 + 129*i + 32*i + 19*i**2 + 3. Give s(-9).
12
Let u(o) be the third derivative of -o**4/8 - 8*o**3/3 + 3*o**2 + 491. Give u(-7).
5
Suppose 0 = -2*o - 10, -48*o + 46*o - 2 = 2*l. Let x be (2/6)/(4/24). Suppose l - x = -f. Let b(w) = 3*w**2 - 2*w - 1. Determine b(f).
15
Let x be -13*(10/(-6) - (-4)/(-12)). Suppose x*l - 27*l + 6 = 0. Suppose 2*q - 6 = 4*a, 5*a = 4*q - q - l. Let i(g) = g + 1. Give i(q).
-2
Let y(q) be the first derivative of -q**4/4 - 6*q**3 - 55*q**2/2 + 11*q - 5002. What is y(-14)?
-3
Let q(t) = t**2 - 12*t - 11. Let z(g) = -g**3 - 9*g**2 - 70*g - 383. Let y be z(-7). Give q(y).
-38
Suppose 5*k = 3*l + 6, -5*l = -k - 4*k. Let z(j) = 2*j**2 - 18*j + 30. Let a be z(7). Let w(r) = -5 - 7 - a*r + 19 - 8. Give w(k).
-7
Let y(m) = 7*m + 2. Let g = 2238 + -2241. Give y(g).
-19
Let j(m) be the second derivative of -29*m**4/12 - 2*m**3/3 + 3*m**2/2 + 5*m - 1407. Calculate j(1).
-30
Let g(c) = c**2 + 192*c - 11801. Let t be g(49). Let d(u) = -u**2 + u + 31. Calculate d(t).
-25
Let s(r) = 4*r**3 + 4*r**2 - r + 4. Let b(g) = -5*g**3 - 5*g**2 - 3. Let f(o) = 3*b(o) + 4*s(o). Give f(-3).
1
Let f = 7 + -1. Let s(d) = f*d**2 - 14*d**2 - 4*d**2 - 1 - d. Suppose 41*l - 7297 + 7338 = 0. Calculate s(l).
-12
Let s be (-42)/231 + 167/11. Suppose -s = 13*z - 145. Let g(v